802
What is -5381191 (base 11) in base 6?
-534430342
1152f2c (base 16) to base 3
1021011220110002
What is 29137 (base 14) in base 16?
18d8d
Convert 50342544 (base 6) to base 15.
1d3557
What is b7380 (base 13) in base 4?
1100212301
Convert -155606303 (base 7) to base 12.
-365b12b
695805 (base 11) to base 16
10df27
What is 157a09 (base 14) in base 2?
10110111010111101001
What is -647aa0 (base 11) in base 16?
-fccf3
Convert -2b02874 (base 12) to base 11.
-4a11901
What is -34120051 (base 6) in base 3?
-1221200021011
Convert 1427b (base 13) to base 11.
26434
Convert -5165 (base 10) to base 12.
-2ba5
What is 2091200 (base 13) in base 5?
10014210302
112430001 (base 5) to base 14
d5652
1010010001000010100 (base 2) to base 7
2600525
What is 1934538 (base 10) in base 3?
10122021200120
Convert -675102 (base 8) to base 3.
-102120121222
Convert 21023332 (base 4) to base 11.
262aa
-22a0b2 (base 12) to base 9
-1037388
Convert 121010221 (base 4) to base 12.
4b521
16147331 (base 8) to base 16
38ced9
Convert 2a67bc (base 15) to base 10.
2047002
Convert -1133311113 (base 4) to base 6.
-12225143
Convert -4a8099 (base 14) to base 12.
-a34087
What is 1533000 (base 6) in base 10?
90072
What is -39914 (base 11) in base 13?
-1cc41
Convert -1416214 (base 7) to base 6.
-4021021
10212101101 (base 3) to base 15
17831
What is -1111101110100101 (base 2) in base 13?
-23426
Convert 43440132 (base 5) to base 13.
101564
What is 11c5d4 (base 16) in base 10?
1164756
What is -2314110402 (base 5) in base 8?
-23730312
155862 (base 9) to base 4
113133023
Convert 1774550 (base 9) to base 7.
11310120
What is -113100330 (base 4) in base 15?
-1d37c
1321032213 (base 4) to base 2
1111001001110100111
3616623 (base 10) to base 2
1101110010111101101111
Convert -1620026 (base 7) to base 5.
-24121223
38225 (base 13) to base 3
12021011002
110110000110000110 (base 2) to base 14
5aa6a
Convert 2404152 (base 6) to base 16.
1e9a4
Convert 72168 (base 13) to base 15.
40936
What is -12023301100 (base 4) in base 12?
-662154
Convert 93c3d8 (base 14) to base 3.
100101111010111
Convert -192987 (base 12) to base 6.
-13234251
-222120100121 (base 3) to base 10
-522952
What is -2787208 (base 13) in base 16?
-beaff2
561057 (base 9) to base 7
2564551
10260201 (base 8) to base 6
114514453
951a (base 15) to base 14
b6bb
Convert 4655256 (base 7) to base 16.
8ee51
Convert -100012201021100 (base 3) to base 15.
-66a773
30050502 (base 6) to base 2
11001110101010000110
What is 157592 (base 10) in base 11?
a8446
-44420133 (base 5) to base 4
-1132322321
What is -1210211110001 (base 3) in base 10?
-961147
Convert 101056112 (base 7) to base 10.
5896571
-1a6226 (base 12) to base 14
-c2206
Convert 1205720 (base 8) to base 2.
1010000101111010000
What is -2436924 (base 10) in base 13?
-674289
-56613a (base 12) to base 10
-1379134
What is 221032223 (base 4) in base 13?
5bb35
-221101120 (base 3) to base 13
-856b
Convert 95647 (base 10) to base 12.
47427
Convert -2813511 (base 9) to base 15.
-207927
What is 2698d7 (base 15) in base 5?
433324002
Convert -1012112020122 (base 3) to base 13.
-195554
What is 2f6c5 (base 16) in base 4?
233123011
-493c2 (base 13) to base 4
-200320122
Convert -686531 (base 9) to base 11.
-261262
What is 88865 (base 9) in base 10?
59027
Convert 318766 (base 10) to base 12.
13457a
Convert -3214527 (base 8) to base 14.
-184bc3
4d2627 (base 15) to base 10
3703762
22817 (base 10) to base 4
11210201
Convert 340686 (base 9) to base 3.
101100202220
Convert -12360473 (base 8) to base 9.
-5142834
22cca (base 16) to base 4
202303022
Convert -1173375 (base 8) to base 4.
-1033123331
What is 10437430 (base 8) in base 11?
12a3262
Convert -93465 (base 12) to base 3.
-100210000012
What is 42940 (base 13) in base 11?
82353
Convert -5571675 (base 8) to base 15.
-1eaa44
-12211400 (base 5) to base 2
-11100011011111011
What is -103250 (base 6) in base 12?
-4b26
Convert -60050243 (base 7) to base 8.
-22712460
-10ceb (base 16) to base 14
-1b135
33b50a7 (base 13) to base 4
330232213233
What is 1226522 (base 7) in base 4?
212222300
152650 (base 7) to base 5
1423302
Convert -aca57 (base 14) to base 4.
-1212110311
Convert 100000100001110011011 (base 2) to base 12.
4349b7
130a95 (base 13) to base 9
768304
Convert 50515506 (base 8) to base 4.
220221231012
aa9b2 (base 13) to base 3
120201012120
What is 1101211111100 (base 3) in base 5?
142312134
What is 39301b (base 13) in base 6?
45305303
What is -1e7f56 (base 16) in base 14?
-3a054a
11111012220 (base 3) to base 13
312b7
-585027 (base 9) to base 13
-c3c40
What is -2454046 (base 11) in base 5?
-2043002110
2013412041 (base 5) to base 9
7544181
What is 102110012120 (base 3) in base 13?
7b7a4
What is 28331a (base 11) in base 2?
1101100010011010111
Convert a62080 (base 12) to base 14.
4c165a
3466b15 (base 12) to base 14
14a8dc5
What is -68157 (base 11) in base 9?
-160321
Convert 22366243 (base 7) to base 5.
444340043
Convert 135421021 (base 7) to base 4.
201323320333
3207616 (base 8) to base 2
11010000111110001110
Convert 1b453 (base 15) to base 7.
516453
1233231201 (base 4) to base 5
104120234
-10227730 (base 9) to base 12
-17931a6
Convert -20120210001122 (base 3) to base 15.
-491c2e
Convert 49707 (base 12) to base 5.
11141021
What is 2c5066 (base 14) in base 12?
629302
322125121 (base 6) to base 10
5703529
What is 7605615 (base 9) in base 10?
4078526
824805 (base 10) to base 2
11001001010111100101
-210224213 (base 5) to base 8
-3236151
What is 31015151 (base 7) in base 5?
1130424404
153431 (base 8) to base 15
114b0
What is 20bc9 (base 15) in base 3?
12021112200
Convert 4f5f7 (base 16) to base 9.
544864
Convert -20021220000 (base 3) to base 7.
-1024035
19e959 (base 15) to base 8
4645347
Convert -110111100110000111111 (base 2) to base 11.
-1034795
What is -1591220 (base 10) in base 9?
-2884662
Convert -116608 (base 12) to base 11.
-181a80
Convert -714b5f (base 16) to base 5.
-3400043423
158fb (base 16) to base 2
10101100011111011
Convert -4b6a (base 16) to base 14.
-7070
What is -2fc4b (base 16) in base 10?
-195659
What is -1212321 (base 4) in base 2?
-1100110111001
Convert 49cdb (base 15) to base 10.
235781
-150223020 (base 6) to base 12
-1054a70
-8573388 (base 9) to base 12
-1657322
Convert -46478 (base 14) to base 7.
-1311411
Convert -12300302 (base 4) to base 6.
-332122
Convert -35bba4 (base 15) to base 8.
-11635374
What is 120500320 (base 7) in base 9?
15084621
Convert -15d77 (base 14) to base 2.
-1101011000000101
What is 13241210 (base 5) in base 3?
20210201101
What is -1c416d0 (base 14) in base 12?
-489b686
Convert -17db1 (base 14) to base 9.
-101670
What is 6747571 (base 8) in base 6?
103021521
What is 400443312 (base 5) in base 10?
1577957
What is -51640 (base 8) in base 6?
-243040
-47964 (base 11) to base 12
-33b54
What is -258d97 (base 14) in base 12?
-523a89
Convert 2530917 (base 12) to base 16.
6f1423
Convert -18bd5 (base 14) to base 3.
-10012000122
What is -314151 (base 8) in base 12?
-50609
146498 (base 11) to base 3
102121000120
-3313241202 (base 5) to base 14
-d47305
What is -233012132 (base 4) in base 6?
-4045102
Convert -4a734d (base 14) to base 4.
-21233312321
Convert -1939549 (base 11) to base 3.
-20011111222212
2976cb (base 13) to base 8
3700603
Convert -15a9a5a (base 11) to base 12.
-abb740
What is -60aa78 (base 13) in base 2?
-1000100101101011111101
-554a27 (base 11) to base 10
-885023
Convert 755384 (base 12) to base 11.
105749a
49aca (base 15) to base 16
39733
-112001123 (base 4) to base 10
-90203
What is -1000122200221 (base 3) in base 14?
-10253b
Convert -1000100101111010 (base 2) to base 5.
-2111234
What is -397179 (base 10) in base 2?
-1100000111101111011
What is -d0b2 (base 16) in base 14?
-15682
Convert -14121463 (base 7) to base 13.
-3711c4
Convert 24126713 (base 8) to base 6.
305154323
Convert 1411424441 (base 5) to base 14.
6a4870
-25330335 (base 6) to base 11
-5104a9
What is -140409 (base 11) in base 5?
-24020413
-211847 (base 9) to base 16
-1ec7f
-63286 (base 10) to base 7
-352336
258749 (base 10) to base 5
31234444
Convert 172b869 (base 15) to base 3.
1011200220002100
What is 726753 (base 8) in base 10?
241131
1042712 (base 8) to base 4
1010113022
What is -537811 (base 11) in base 4?
-3101311103
What is 271717 (base 12) in base 9?
1183501
What is -